130464?
True
Does 29 divide 171617?
False
Is 10379061 a multiple of 452?
False
Is 124 a factor of 1851490?
False
Is 777601 a multiple of 317?
True
Is 9 a factor of 6442146?
True
Is 2 a factor of 219055?
False
Is 279 a factor of 8928?
True
Is 324 a factor of 1229256?
True
Is 52 a factor of 37510?
False
Is 107 a factor of 137035?
False
Is 445212 a multiple of 298?
True
Does 3 divide 101078?
False
Is 150 a factor of 92100?
True
Does 324 divide 421443?
False
Is 16 a factor of 5069648?
True
Is 205565 a multiple of 11?
False
Is 1305640 a multiple of 70?
True
Is 327 a factor of 444066?
True
Does 19 divide 16255?
False
Is 6097307 a multiple of 87?
False
Is 1130866 a multiple of 242?
True
Is 7125152 a multiple of 32?
True
Is 23 a factor of 63089?
True
Does 18 divide 373685?
False
Is 157 a factor of 229750?
False
Is 3665676 a multiple of 34?
True
Is 5 a factor of 25398?
False
Is 3963268 a multiple of 10?
False
Does 27 divide 28262?
False
Does 57 divide 1411662?
True
Is 251538 a multiple of 53?
True
Does 51 divide 391273?
False
Is 13 a factor of 5170490?
True
Is 872 a factor of 180540?
False
Does 484 divide 8539696?
True
Does 15 divide 2088376?
False
Is 2 a factor of 22666?
True
Is 287 a factor of 4552332?
False
Is 14058 a multiple of 71?
True
Does 20 divide 738080?
True
Does 70 divide 377912?
False
Is 8276455 a multiple of 42?
False
Is 34744 a multiple of 8?
True
Does 9 divide 107572?
False
Does 74 divide 1379804?
True
Does 360 divide 242486?
False
Does 7 divide 3050005?
True
Does 4 divide 1487?
False
Is 229043 a multiple of 6?
False
Does 18 divide 53948?
False
Is 11574361 a multiple of 89?
True
Is 52 a factor of 148096?
True
Is 1731356 a multiple of 218?
True
Is 2849574 a multiple of 273?
True
Is 34 a factor of 1738182?
True
Does 489 divide 2424023?
False
Is 84 a factor of 1717548?
True
Does 961 divide 15540286?
False
Is 329497 a multiple of 721?
True
Is 3654071 a multiple of 11?
False
Is 893 a factor of 2765542?
False
Is 601616 a multiple of 18?
False
Is 6 a factor of 33402?
True
Is 1257297 a multiple of 141?
True
Is 94223 a multiple of 189?
False
Is 303 a factor of 229371?
True
Does 3 divide 152130?
True
Is 11893302 a multiple of 9?
True
Does 130 divide 51449?
False
Is 27 a factor of 736746?
False
Does 2 divide 430847?
False
Is 1499141 a multiple of 7?
True
Does 173 divide 82545?
False
Does 58 divide 61770?
True
Is 70400 a multiple of 159?
False
Is 366 a factor of 6542679?
False
Is 8172087 a multiple of 74?
False
Is 172763 a multiple of 6?
False
Is 1270269 a multiple of 611?
True
Is 42900 a multiple of 26?
True
Is 10619232 a multiple of 432?
False
Is 63 a factor of 368666?
False
Is 440615 a multiple of 355?
False
Does 607 divide 3089630?
True
Is 489205 a multiple of 120?
False
Is 60 a factor of 408509?
False
Does 193 divide 12448886?
True
Is 76 a factor of 2689336?
True
Does 11 divide 337502?
True
Is 2270349 a multiple of 139?
False
Does 5 divide 6811514?
False
Does 125 divide 105130?
False
Is 234300 a multiple of 38?
False
Is 32 a factor of 663003?
False
Does 132 divide 6187500?
True
Does 169 divide 1754?
False
Is 1347900 a multiple of 10?
True
Is 409494 a multiple of 23?
False
Is 102 a factor of 90418?
False
Is 2154768 a multiple of 4?
True
Is 6 a factor of 864078?
True
Does 3 divide 17268?
True
Is 7677108 a multiple of 18?
True
Is 13 a factor of 36179?
True
Does 13 divide 300682?
False
Is 8137119 a multiple of 231?
False
Is 131 a factor of 10576681?
False
Is 16 a factor of 364512?
True
Is 15024 a multiple of 6?
True
Is 9209196 a multiple of 26?
False
Is 184 a factor of 8244007?
False
Is 15 a factor of 32970?
True
Does 114 divide 8062878?
True
Does 568 divide 4374168?
True
Is 393 a factor of 79757?
False
Does 121 divide 1396915?
False
Is 412932 a multiple of 21?
False
Is 169080 a multiple of 60?
True
Is 39 a factor of 132312?
False
Is 322 a factor of 76314?
True
Does 7 divide 16330290?
False
Is 211 a factor of 156351?
True
Is 88876 a multiple of 53?
False
Is 36 a factor of 375434?
False
Does 4 divide 9616?
True
Does 1251 divide 3290027?
False
Is 1922817 a multiple of 141?
True
Is 563 a factor of 2214279?
True
Is 23 a factor of 289673?
False
Is 1824092 a multiple of 32?
False
Is 11525 a multiple of 6?
False
Is 278 a factor of 769577?
False
Is 715 a factor of 2832830?
True
Is 9 a factor of 182577?
False
Is 22 a factor of 5608702?
True
Is 11 a factor of 1419943?
False
Is 77 a factor of 27381?
False
Is 4 a factor of 30334?
False
Does 182 divide 770952?
True
Is 370 a factor of 324120?
True
Is 979 a factor of 2029088?
False
Does 11 divide 2732?
False
Is 2210013 a multiple of 39?
True
Does 354 divide 31701?
False
Is 1600284 a multiple of 84?
True
Is 1107 a factor of 7367085?
True
Does 17 divide 1545572?
True
Is 105 a factor of 120194?
False
Is 12 a factor of 111519?
False
Is 1105324 a multiple of 4?
True
Is 427345 a multiple of 51?
False
Is 6 a factor of 5894382?
True
Does 102 divide 3785295?
False
Is 16 a factor of 1601206?
False
Is 47 a factor of 4388907?
True
Does 68 divide 397596?
True
Is 808032 a multiple of 4?
True
Is 2036042 even?
True
Does 59 divide 4353098?
False
Is 2099522 a multiple of 14?
False
Does 6 divide 5940342?
True
Is 2909 a multiple of 79?
False
Is 9 a factor of 23531022?
True
Is 633920 a multiple of 46?
False
Is 1125238 a multiple of 4?
False
Does 22 divide 1830360?
False
Is 261303 a multiple of 11?
False
Is 866465 a multiple of 16?
False
Does 13 divide 4726502?
False
Is 429353 a multiple of 97?
False
Is 2 a factor of 89762?
True
Is 23 a factor of 646007?
False
Does 464 divide 174464?
True
Does 144 divide 436906?
False
Is 2992624 a multiple of 8?
True
Does 20 divide 63740?
True
Does 7 divide 8271340?
True
Is 4706828 a multiple of 4?
True
Does 61 divide 528260?
True
Does 152 divide 18933?
False
Does 9 divide 4769574?
False
Is 1030068 a multiple of 468?
True
Does 381 divide 2660904?
True
Is 14 a factor of 432563?
False
Is 25576763 a multiple of 28?
False
Is 1877037 a multiple of 137?
True
Is 136104 a multiple of 159?
True
Does 16 divide 1139909?
False
Is 60202 a multiple of 31?
True
Is 1247054 a multiple of 251?
False
Is 35970 a multiple of 33?
True
Is 17664 a multiple of 32?
True
Does 20 divide 110540?
True
Is 1585551 a multiple of 33?
True
Is 7 a factor of 1525062?
True
Is 596699 a multiple of 37?
True
Is 28 a factor of 997864?
True
Does 105 divide 3142020?
True
Does 5 divide 11729?
False
Is 15 a factor of 3952260?
True
Is 56 a factor of 172200?
True
Is 130 a factor of 1284500?
False
Is 133 a factor of 522158?
True
Does 171 divide 171000?
True
Does 47 divide 13113?
True
Does 23 divide 37812?
True
Is 4418775 a multiple of 615?
True
Is 13275900 a multiple of 550?
True
Is 1279783 a multiple of 23?
False
Is 651564 a multiple of 162?
True
Is 112 a factor of 18256?
True
Does 26 divide 291512?
True
Is 19699 a multiple of 8?
False
Does 11 divide 374482?
False
Is 49 a factor of 42113?
False
Does 32 divide 2605536?
True
Is 450216 a multiple of 74?
True
Is 31465 a multiple of 31?
True
Does 109 divide 574627?
False
Is 14168365 a multiple of 109?
True
Is 6 a factor of 310188?
True
Does 333 divide 347952?
False
Is 298727 a multiple of 11?
True
Does 282 divide 266772?
True
Does 364 divide 1735552?
True
Is 9962 a multiple of 5?
False
Is 849280 a multiple of 10?
True
Is 28 a factor of 207172?
True
Does 53 divide 1492427?
True
Is 206749 a multiple of 75?
False
Is 184536 a multiple of 11?
True
Does 306 divide 681195?
False
Does 9 divide 128817?
True
Is 148 a factor of 236800?
True
Does 51 divide 906882?
True
Does 95 divide 106590?
True
Is 8036390 a multiple of 514?
True
Is 19 a factor of 30818?
True
Does 21 divide 200445?
True
Is 24056 a multiple of 4?
True
Does 23 divide 479757?
True
Is 83028 a multiple of 12?
True
Is 220 a factor of 93940?
True
Does 106 divide 175218?
True
Does 68 divide 8524208?
True
Is 496 a factor of 403744?
True
Is 79003 a multiple of 74?
False
Does 47 divide 4770970?
True
Does 47 divide 2654842?
True
Is 47 a factor of 176463?
False
Is 779248 a multiple of 3?
False
Is 149 a factor of 2634953?
False
Is 223 a factor of 327258?
False
Is 14 a factor of 6866328?
True
Is 61 a factor of 815100?
False
Is 250 a factor of 960250?
True
Is 80 a factor of 914000?
True
Does 335 divide 123984?
False
Is 32 a factor of 41024?
True
Is 541 a fa